2261?
False
Does 1289 divide 157258?
True
Does 5 divide 15070?
True
Is 28 a factor of 63305?
False
Is 1933438 a multiple of 172?
False
Does 13 divide 7054089?
False
Is 3091976 a multiple of 8?
True
Is 353 a factor of 50126?
True
Is 27168 a multiple of 6?
True
Is 945152 a multiple of 128?
True
Does 8 divide 86296?
True
Is 9280 a multiple of 160?
True
Does 514 divide 1895108?
False
Does 8 divide 656232?
True
Is 3 a factor of 186660?
True
Is 65 a factor of 161850?
True
Is 13841214 a multiple of 1646?
True
Is 26 a factor of 740668?
False
Is 50 a factor of 40100?
True
Is 322862 a multiple of 74?
True
Does 20 divide 5000?
True
Is 16 a factor of 7821864?
False
Does 49 divide 568221?
False
Is 30 a factor of 902130?
True
Is 603306 a multiple of 3?
True
Is 1225133 a multiple of 25?
False
Is 49 a factor of 80560?
False
Does 78 divide 2118168?
True
Is 85839 a multiple of 12?
False
Is 95 a factor of 371070?
True
Is 831320 a multiple of 28?
True
Is 22128 a multiple of 8?
True
Does 289 divide 434427?
False
Does 15 divide 385594?
False
Is 1874 a factor of 3444412?
True
Does 38 divide 3548903?
False
Is 317084 a multiple of 68?
True
Does 8 divide 671136?
True
Is 134777 a multiple of 51?
False
Does 57 divide 80816?
False
Does 428 divide 2009399?
False
Is 63 a factor of 7914186?
True
Does 605 divide 130680?
True
Is 30409 a multiple of 3?
False
Is 11570 a multiple of 5?
True
Does 14 divide 972043?
False
Is 20400 a multiple of 28?
False
Is 27 a factor of 96066?
True
Is 24109173 a multiple of 104?
False
Is 97447 a multiple of 103?
False
Does 9 divide 1701393?
False
Does 20 divide 47500?
True
Does 1680 divide 15516384?
False
Is 267 a factor of 228060?
False
Does 11 divide 718751?
True
Is 2095112 a multiple of 691?
True
Is 1881226 a multiple of 67?
True
Is 115022 a multiple of 289?
True
Is 375921 a multiple of 11?
False
Is 167437 a multiple of 327?
False
Does 13 divide 1989923?
True
Is 245 a factor of 8731026?
False
Is 563134 a multiple of 143?
True
Is 191 a factor of 1517877?
True
Is 50 a factor of 149680?
False
Is 19 a factor of 38969?
True
Is 3526817 a multiple of 301?
True
Is 10080 a multiple of 20?
True
Is 516467 a multiple of 19?
False
Is 24 a factor of 1196249?
False
Does 66 divide 365310?
True
Does 45 divide 634815?
True
Is 383 a factor of 1215642?
True
Does 10 divide 1888001?
False
Is 731 a factor of 1240507?
True
Does 74 divide 161838?
True
Does 946 divide 4185211?
False
Is 375 a factor of 7996154?
False
Does 1080 divide 1000179?
False
Does 41 divide 2175583?
True
Is 165 a factor of 276735?
False
Does 21 divide 223016?
False
Is 19598 a multiple of 5?
False
Is 6563920 a multiple of 44?
True
Is 195 a factor of 636090?
True
Is 25466 a multiple of 162?
False
Is 4 a factor of 106851?
False
Does 17 divide 5136129?
False
Is 4012943 a multiple of 74?
False
Is 219384 a multiple of 3?
True
Does 33 divide 572550?
True
Is 323 a factor of 123386?
True
Is 21830074 a multiple of 412?
False
Does 85 divide 263925?
True
Is 15 a factor of 64530?
True
Is 33 a factor of 2508858?
True
Is 6 a factor of 222870?
True
Is 129302 a multiple of 19?
False
Is 742358 a multiple of 516?
False
Is 15 a factor of 830615?
False
Is 5 a factor of 30180?
True
Is 4168331 a multiple of 24?
False
Does 15 divide 43455?
True
Is 10505 a multiple of 11?
True
Is 140 a factor of 120952?
False
Does 2 divide 35804?
True
Is 13051533 a multiple of 800?
False
Does 225 divide 235125?
True
Does 35 divide 999390?
True
Is 5 a factor of 4286?
False
Is 818 a factor of 9326336?
False
Is 6194947 a multiple of 255?
False
Is 38 a factor of 17910692?
True
Does 9 divide 21409?
False
Is 52 a factor of 308106?
False
Is 5 a factor of 1827350?
True
Is 931 a factor of 1223334?
True
Is 21 a factor of 94257?
False
Is 250 a factor of 168446?
False
Does 162 divide 20995?
False
Does 8 divide 1876605?
False
Does 20 divide 1015179?
False
Does 209 divide 92796?
True
Does 165 divide 54905?
False
Is 184 a factor of 214728?
True
Is 9073872 a multiple of 72?
True
Is 287931 a multiple of 151?
False
Is 729528 a multiple of 12?
True
Is 88 a factor of 2349536?
False
Is 16187315 a multiple of 14?
False
Is 144039 a multiple of 21?
True
Is 1568703 a multiple of 54?
False
Is 35 a factor of 1143660?
True
Does 59 divide 236643?
False
Is 695240 a multiple of 26?
True
Does 1320 divide 24499200?
True
Is 28 a factor of 2278191?
False
Does 125 divide 9678125?
True
Does 338 divide 546208?
True
Is 26 a factor of 66898?
True
Is 89 a factor of 1809726?
True
Does 23 divide 206241?
True
Is 19 a factor of 2599998?
True
Is 17 a factor of 192431?
False
Is 55 a factor of 70070?
True
Is 4856288 a multiple of 226?
True
Is 27638768 a multiple of 16?
True
Does 28 divide 6783625?
False
Is 88 a factor of 41360?
True
Is 529830 a multiple of 35?
True
Is 35 a factor of 166075?
True
Is 1129794 a multiple of 11?
False
Is 33 a factor of 84983?
False
Is 1104 a multiple of 69?
True
Is 115864 a multiple of 28?
True
Is 293 a factor of 62995?
True
Is 4 a factor of 99349?
False
Is 348 a factor of 158688?
True
Is 34 a factor of 1653652?
False
Is 1036200 a multiple of 6?
True
Is 50 a factor of 204850?
True
Is 18 a factor of 50165?
False
Does 1643 divide 4541252?
True
Does 211 divide 58796?
False
Does 77 divide 2039667?
False
Does 296 divide 23793471?
False
Is 234 a factor of 11079028?
False
Is 149 a factor of 125226?
False
Does 2 divide 838081?
False
Is 2022864 a multiple of 24?
True
Does 178 divide 4332929?
False
Does 206 divide 259750?
False
Is 9400701 a multiple of 26?
False
Does 22 divide 23458968?
False
Is 70952 a multiple of 7?
True
Does 20 divide 391220?
True
Is 1060 a multiple of 4?
True
Is 1520704 a multiple of 16?
True
Is 126300 a multiple of 75?
True
Is 11866 a multiple of 25?
False
Does 99 divide 126126?
True
Is 656400 a multiple of 240?
True
Is 256 a factor of 17920?
True
Does 112 divide 199696?
True
Is 400172 a multiple of 21?
False
Is 13 a factor of 7945613?
True
Does 302 divide 141254?
False
Is 1716147 a multiple of 27?
True
Does 3 divide 86337?
True
Is 537 a multiple of 3?
True
Does 269 divide 224046?
False
Does 12 divide 3099780?
True
Is 534411 even?
False
Is 78415 a multiple of 5?
True
Is 131 a factor of 58688?
True
Is 82062 a multiple of 141?
True
Does 7 divide 171885?
True
Is 220504 a multiple of 16?
False
Is 58 a factor of 363950?
True
Does 200 divide 169077?
False
Does 175 divide 55678?
False
Does 164 divide 201229?
False
Does 465 divide 15048795?
True
Is 19 a factor of 881031?
False
Does 38 divide 218196?
True
Does 7 divide 72103?
False
Does 23 divide 561531?
False
Does 400 divide 464800?
True
Is 205344 a multiple of 72?
True
Does 189 divide 3714228?
True
Is 8438456 a multiple of 82?
True
Is 171918 a multiple of 3?
True
Is 1560578 a multiple of 75?
False
Is 7739525 a multiple of 353?
True
Does 6 divide 134735?
False
Is 165 a factor of 736107?
False
Is 72 a factor of 11530?
False
Is 70 a factor of 544110?
True
Is 21310530 a multiple of 48?
False
Does 1770 divide 8766810?
True
Does 6 divide 16319?
False
Is 16 a factor of 5636464?
True
Is 2051528 a multiple of 73?
False
Does 239 divide 470734?
False
Is 55412 a multiple of 14?
True
Is 383088 a multiple of 38?
False
Does 28 divide 195608?
True
Does 476 divide 3486839?
False
Is 14 a factor of 1311436?
True
Does 134 divide 652580?
True
Is 368 a factor of 4105971?
False
Is 331 a factor of 1392848?
True
Is 30 a factor of 58029?
False
Is 11 a factor of 55853?
False
Does 11 divide 351012?
False
Is 87631 a multiple of 651?
False
Is 25 a factor of 238014?
False
Is 2 a factor of 12044?
True
Is 553 a factor of 7904414?
False
Does 4 divide 114128?
True
Is 77 a factor of 1975455?
False
Is 2348304 a multiple of 16?
True
Is 424560 a multiple of 12?
True
Does 92 divide 3812020?
True
Is 8769 a multiple of 55?
False
Is 211641 a multiple of 19?
True
Does 67 divide 63516?
True
Is 46 a factor of 793264?
False
Is 73467 a multiple of 9?
True
Is 580 a factor of 669525?
False
Is 14775 a multiple of 25?
True
Is 6 a factor of 338756?
False
Is 2273150 a multiple of 48?
False
Does 34 divide 5360814?
True
Is 10 a factor of 5633690?
True
Is 25 a factor of 175262?
False
Does 6 divide 49120?
False
Is 128 a factor of 97546?
False
Is 66 a factor of 15822444?
True
Is 274180 a multiple of 339?
False
Is 2017112 a multiple of 34?
False
Is 46658 a 